y(d) = -5*d**3 - 774*d**2 + 927*d - 1441. Determine y(-156).
-37
Let y(v) = 3*v**3 - 1203*v**2 + 10580*v + 1609. Give y(392).
41
Let j(i) = i**2 - 28725*i + 229780. Calculate j(8).
44
Let u(a) = -13638*a + 54541. What is u(4)?
-11
Let z(v) = 2*v**2 + 1196*v - 98048. Determine z(-671).
-82
Let m(b) = b**2 + 251*b + 9122. Give m(-207).
14
Let d(u) = -208*u + 99886. Give d(479).
254
Let i(k) = -313*k + 41805. Give i(132).
489
Let c(b) = -51754*b + 465855. Determine c(9).
69
Let v(a) = 2*a**3 + 89*a**2 + 1032*a + 38553. Give v(-43).
-276
Let l(a) = -3775*a + 41398. Calculate l(11).
-127
Let j(t) = 8*t**3 + 15*t**2 - 16*t - 40. Calculate j(7).
3327
Let s(a) = 10690*a - 62924. Determine s(6).
1216
Let k(x) = 6*x**2 - 63*x - 508. Determine k(17).
155
Let i(j) = j**2 - 17566*j + 2387732. Calculate i(137).
-41
Let s(p) = -396*p + 4055. What is s(18)?
-3073
Let h(y) = -80*y + 10172. Determine h(127).
12
Let x(p) = -p**2 + 1812*p - 28727. Calculate x(16).
9
Let u(l) = 3*l**3 - 141*l**2 - 398*l - 2289. Give u(50).
311
Let v(t) = t**3 - 35*t**2 + 1157*t - 40431. Give v(35).
64
Let t(z) = 7921*z + 2479274. Determine t(-313).
1
Let h(k) = -k**3 - 495*k**2 - 8123*k + 1371. Calculate h(-478).
-63
Let p(b) = b**3 + 237*b**2 + 3496*b - 8408. Determine p(-221).
432
Let f(h) = -4*h**2 - 9958*h - 468756. Give f(-48).
12
Let s(f) = 1364*f + 156866. Determine s(-115).
6
Let w(c) = 194*c**2 + 1637*c + 3329. Determine w(-5).
-6
Let z(a) = 68*a + 2163. Calculate z(-30).
123
Let j(n) = -53*n**3 - 2272*n**2 + 298*n - 6. Determine j(-43).
123
Let d(c) = c**3 + 47*c**2 + 99*c + 2448. Determine d(-46).
10
Let s(w) = 59*w**2 + 423*w - 38. Calculate s(-7).
-108
Let s(n) = 6*n**3 + 384*n**2 - 396*n - 393. Determine s(-65).
-3
Let r(k) = -592*k**2 + 657*k + 1308. Give r(-2).
-2374
Let q(p) = 485*p**3 - 7758*p**2 - 6*p - 22. Give q(16).
394
Let m(f) = -584*f**3 + 15765*f**2 + 78*f + 76. Determine m(27).
-5
Let m(k) = 3*k**3 + 1170*k**2 - 7115*k + 5227. Give m(-396).
79
Let b(d) = 345*d - 4156. Determine b(13).
329
Let v(n) = -2*n**3 - 79*n**2 - 205*n + 1769. Calculate v(-7).
19
Let i(s) = s**2 - 878*s - 18901. Calculate i(-21).
-22
Let h(d) = -d**2 - 432636*d - 6921922. Calculate h(-16).
-2
Let b(q) = -3*q**2 - 722*q + 53384. Determine b(-300).
-16
Let m(w) = 20*w**2 + 96*w + 96. Calculate m(-2).
-16
Let u(n) = -15*n**3 + 2*n**2 - 113*n + 229. Calculate u(2).
-109
Let u(h) = -h**3 - 67*h**2 + 1149*h + 8397. Calculate u(-80).
-323
Let b(n) = -44136*n + 4. What is b(0)?
4
Let b(d) = -20*d**3 + 1117*d**2 - 1112*d - 1. What is b(1)?
-16
Let z(w) = -57*w**2 - 699*w - 178. Determine z(-12).
2
Let l(b) = b**3 + 4*b**2 - 263*b - 15. Calculate l(0).
-15
Let y(k) = 592*k - 139115. Calculate y(235).
5
Let t(v) = -17*v**2 + 23392*v - 23363. What is t(1375)?
12
Let o(k) = 35*k - 2817. Give o(88).
263
Let m(n) = n**3 + 8*n**2 - 382*n - 1522. Give m(-4).
70
Let d(p) = 5*p**3 + 1107*p**2 + 422*p - 4156. What is d(-221)?
264
Let o(b) = -223*b**3 - 436*b**2 + 6*b + 3. Give o(-2).
31
Let v(q) = 5*q**2 - 1173*q - 51821. Calculate v(-38).
-27
Let r(u) = -3*u**2 + 2937*u + 112774. Determine r(-37).
-2
Let s(t) = -89*t + 14298. Calculate s(158).
236
Let q(a) = 2*a**2 - 73*a - 121. What is q(31)?
-462
Let l(j) = 105*j - 1770. Determine l(14).
-300
Let l(n) = 84*n**3 + 628*n**2 - 362*n - 8. Determine l(-8).
72
Let h(b) = -96*b**2 - 489*b + 38. What is h(-4)?
458
Let y(a) = a**3 - 11*a**2 + 59*a - 1425. What is y(15)?
360
Let f(h) = -27*h**3 - 46*h**2 - 6*h - 9. Give f(-5).
2246
Let g(i) = -2660*i - 598489. What is g(-225)?
11
Let g(d) = 71582*d + 573022. Calculate g(-8).
366
Let a(u) = -57556*u + 17266796. Determine a(300).
-4
Let r(h) = 6*h**2 + 373*h + 5400. Give r(-23).
-5
Let k(h) = 49*h**2 + 2056*h - 64. Determine k(-42).
20
Let u(s) = -s**3 + 154*s**2 - 1297*s - 4886. What is u(12)?
-2
Let t(q) = 630*q**2 + 5834*q + 6351. Determine t(-8).
-1
Let p(r) = r**3 - 666*r**2 - 732*r + 43280. What is p(667)?
-75
Let b(c) = -262*c**2 + 1566*c + 24. Give b(6).
-12
Let v(q) = q**3 + 1584*q**2 - 33747*q + 868. What is v(21)?
-14
Let h(p) = p**2 + 11785*p - 746417. Calculate h(63).
7
Let w(y) = -y - 628. Give w(24).
-652
Let u(k) = 760*k - 4531. What is u(6)?
29
Let n(k) = 3*k**3 + 135*k**2 - 189*k - 2181. What is n(-46)?
165
Let v(k) = 20*k**2 - 52*k - 628. Calculate v(7).
-12
Let v(n) = -515274*n + 3091645. Determine v(6).
1
Let x(o) = -59284*o + 118590. Calculate x(2).
22
Let n(d) = 11*d**3 - 15*d**2 + 278*d + 614. Determine n(-2).
-90
Let t(m) = m**3 - 70*m**2 - 1103*m - 42344. Give t(88).
-16
Let r(i) = 25*i**2 - 25765*i + 245054. Give r(1021).
14
Let s(y) = -5*y**2 - 4970*y - 587042. Calculate s(-137).
3
Let g(i) = 10*i**2 + 175*i + 501. What is g(-23)?
1766
Let y(q) = 2*q**3 - 257*q**2 + 1123*q - 808. Determine y(124).
60
Let r(d) = 2*d**3 - 7*d**2 - 4*d + 205. Give r(0).
205
Let v(s) = s**3 - 74*s**2 + 582*s - 422. Determine v(8).
10
Let y(b) = 89*b + 6538. Give y(-40).
2978
Let i(a) = -54*a**2 - 1415*a - 173. Give i(-26).
113
Let u(w) = w**3 - 14*w**2 + 1346*w - 18797. Give u(14).
47
Let m(l) = -11*l**2 + 441*l + 48. What is m(40)?
88
Let t(y) = -1076*y - 315286. What is t(-293)?
-18
Let c(x) = 12*x**3 - 4165*x**2 + 355*x - 2823. What is c(347)?
-47
Let o(p) = -2101*p - 132319. Calculate o(-63).
44
Let l(v) = 3*v**2 + 1074*v + 15719. Calculate l(-15).
284
Let h(y) = -11214*y + 168224. Give h(15).
14
Let z(a) = 502*a + 1445. Give z(-3).
-61
Let v(a) = 7601*a - 2713554. What is v(357)?
3
Let d(y) = -73*y**2 + 7225*y + 103. Determine d(99).
-95
Let x(o) = 3*o**3 + 38*o**2 - 73*o - 1435. Determine x(-11).
-27
Let g(c) = -367*c - 2830. Give g(-9).
473
Let p(r) = -r**3 - 190*r**2 - 1636*r - 1133. Determine p(-181).
134
Let s(c) = -1768*c - 6747. What is s(-3)?
-1443
Let r(s) = -2*s**3 - 587*s**2 - 9366*s + 608. Determine r(-17).
13
Let k(z) = 5*z**3 - 136*z**2 + 23*z - 142. What is k(27)?
-250
Let v(p) = 389067*p + 1945340. Determine v(-5).
5
Let l(q) = -q**3 + 28*q**2 + 491*q - 14103. Calculate l(26).
15
Let k(w) = w**3 - 232*w**2 + 1138*w - 780. What is k(227)?
-99
Let j(f) = 187*f - 1074. Determine j(3).
-513
Let h(o) = 62*o + 395. Calculate h(-3).
209
Let j(a) = -226*a**2 - 7031*a + 69540. Determine j(-39).
3
Let l(n) = -n**3 + 4*n**2 + 383*n - 232. What is l(-18)?
2
Let z(y) = -27417*y + 27468. Give z(1).
51
Let o(z) = -z**2 + 296128*z - 1184487. Calculate o(4).
9
Let w(b) = b**3 + 16*b**2 + 70*b + 60. Determine w(-4).
-28
Let g(i) = 630344*i - 7564167. Determine g(12).
-39
Let a(x) = x**3 + 193*x**2 + 1215*x - 16183. Give a(-186).
-1
Let v(o) = -33*o**2 - 79*o + 53. Give v(-4).
-159
Let q(m) = 2*m**2 - 48985*m + 489654. Determine q(10).
4
Let y(z) = z**3 - 40*z**2 - 352*z + 5756. Determine y(45).
41
Let h(r) = -546*r + 640. Calculate h(1).
94
Let w(t) = -t**2 - 114*t + 5824. Calculate w(38).
48
Let h(v) = -2*v**3 + 140*v**2 + 837*v - 67290. Give h(69).
-15
Let r(s) = 2*s**3 - 12*s**2 + 41*s - 858. What is r(9)?
-3
Let y(o) = 7*o**2 - 12782*o - 89545. Determine y(-7).
272
Let m(v) = 149*v**2 - 2951*v - 603. What is m(20)?
-23
Let l(z) = 2*z**2 + 75*z + 831. Give l(-16).
143
Let i(y) = y**3 - 57*y**2 + 158*y - 12536. What is i(58)?
-8
Let c(o) = o**3 + 49*o**2 + 492*o + 401. What is c(-13)?
89
Let a(i) = i**3 - 354*i**2 + 1176*i - 43266. Calculate a(351).
-93
Let z(y) = 21*y**2 - 2255*y - 1423. What is z(108)?
-19
Let q(s) = 120008*s + 29. Determine q(0).
29
Let s(h) = h**3 - 67*h**2 + 195*h + 87. Give s(64).
279
Let y(g) = -g**3 + 2*g**2 - 3240*g + 25515. Calculate y(8).
-789
Let n(s) = -5*s**3 - 622*s**2 - 256*s - 985. Determine n(-124).
7
Let k(q) = 5002*q + 930374. Give k(-186).
2
Let r(m) = 15*m**3 - 337*m**2 + 414*m + 971. Determine r(21).
-37
Let f(n) = 39137*n - 313113. Calculate f(8).
-17
Let m(y) = y**2 + 1410*y - 18615. What is m(13)?
-116
Let o(u) = -45*u**3 - 9449*u**2 + 205*u - 1051. Determine o(-210).
-1
Let d(p) = -1889*p - 50841. What is d(-27)?
162
Let z(y) = 12477*y - 62154. Determine z(5).
231
Let u(y) = y**3 - 104*y**2 + 372*y - 99901. Determine u(109).
52
Let b(c) = 3*c**2 + 445*c - 351395. Give b(276).
-47
Let c(q) = 9*q**3 + 1793*q**2 - 1413*q - 2607. Determine c(-200).
-7
Let f(j) = -4*j**3 + 147*j**2 + 1029*j - 10. Give f(43).
-1988
Let u(m) = 3514*m - 52750. Determine u(15